er when 10829964 is divided by 408?
12
What is the remainder when 310306 is divided by 2?
0
What is the remainder when 11163176 is divided by 372105?
26
What is the remainder when 383274 is divided by 42567?
171
Calculate the remainder when 22552 is divided by 6.
4
What is the remainder when 3782821 is divided by 328?
325
Calculate the remainder when 50495181 is divided by 17.
13
What is the remainder when 303642 is divided by 75874?
146
Calculate the remainder when 879978 is divided by 230.
228
What is the remainder when 696728 is divided by 99416?
816
Calculate the remainder when 67080502 is divided by 4006.
32
What is the remainder when 878686 is divided by 1298?
1238
Calculate the remainder when 6194365 is divided by 6822.
6811
Calculate the remainder when 865650 is divided by 121.
16
Calculate the remainder when 1526551990 is divided by 952.
950
Calculate the remainder when 73996066 is divided by 5923.
27
Calculate the remainder when 3347445 is divided by 41326.
39
What is the remainder when 26509968 is divided by 3313745?
8
Calculate the remainder when 1009865227 is divided by 216.
211
Calculate the remainder when 1423318 is divided by 237219.
4
What is the remainder when 1239323 is divided by 2823?
26
What is the remainder when 15972919 is divided by 18?
7
What is the remainder when 440109 is divided by 9757?
1044
Calculate the remainder when 95424 is divided by 6735.
1134
What is the remainder when 10743 is divided by 5298?
147
What is the remainder when 1585591 is divided by 88?
7
What is the remainder when 235278934 is divided by 68?
22
What is the remainder when 1078074317 is divided by 31?
27
What is the remainder when 52166673 is divided by 6789?
6786
Calculate the remainder when 287256 is divided by 95719.
99
Calculate the remainder when 19592278 is divided by 216.
214
What is the remainder when 36261995 is divided by 22?
11
Calculate the remainder when 10410566 is divided by 306193.
4
What is the remainder when 62378 is divided by 1180?
1018
Calculate the remainder when 612145 is divided by 259.
128
Calculate the remainder when 25739 is divided by 2140.
59
Calculate the remainder when 1232370 is divided by 286.
282
Calculate the remainder when 139900514 is divided by 4358.
4356
Calculate the remainder when 15464 is divided by 133.
36
Calculate the remainder when 139789 is divided by 10.
9
Calculate the remainder when 1938912 is divided by 359.
312
Calculate the remainder when 606658 is divided by 33703.
4
What is the remainder when 819647 is divided by 26440?
7
What is the remainder when 3550697 is divided by 6527?
9
Calculate the remainder when 223829 is divided by 55861.
385
Calculate the remainder when 587394 is divided by 587362.
32
What is the remainder when 153358630 is divided by 357?
355
What is the remainder when 13473911 is divided by 579?
2
Calculate the remainder when 154686744 is divided by 4444.
4436
Calculate the remainder when 3180390 is divided by 1590161.
68
What is the remainder when 803987 is divided by 267795?
602
What is the remainder when 188771 is divided by 1148?
499
What is the remainder when 63116 is divided by 1222?
794
What is the remainder when 10215484 is divided by 790?
784
What is the remainder when 12037539 is divided by 633551?
70
Calculate the remainder when 4268078 is divided by 2134037.
4
What is the remainder when 3960178 is divided by 3?
1
What is the remainder when 3695540 is divided by 55?
35
What is the remainder when 70487 is divided by 4403?
39
What is the remainder when 5199110 is divided by 19?
7
What is the remainder when 14227944 is divided by 1544?
1528
Calculate the remainder when 4516 is divided by 82.
6
Calculate the remainder when 663364 is divided by 110559.
10
What is the remainder when 563157 is divided by 62572?
9
Calculate the remainder when 5548305 is divided by 110.
15
Calculate the remainder when 111670239 is divided by 2977.
2969
What is the remainder when 22909886 is divided by 143?
142
What is the remainder when 25565710 is divided by 92?
14
What is the remainder when 5161860 is divided by 32?
4
Calculate the remainder when 62338 is divided by 15486.
394
What is the remainder when 3199158 is divided by 52?
14
Calculate the remainder when 106656377 is divided by 66164.
9
What is the remainder when 34907 is divided by 1815?
422
What is the remainder when 170737 is divided by 42602?
329
Calculate the remainder when 17560812 is divided by 8780315.
182
Calculate the remainder when 75221 is divided by 4725.
4346
Calculate the remainder when 2193730 is divided by 95.
85
What is the remainder when 216532 is divided by 103?
26
What is the remainder when 37499583 is divided by 62?
61
Calculate the remainder when 274819 is divided by 24935.
534
What is the remainder when 22654033 is divided by 7551228?
349
Calculate the remainder when 265441636 is divided by 3927.
3925
What is the remainder when 87996474 is divided by 14666078?
6
Calculate the remainder when 860054 is divided by 57303.
509
Calculate the remainder when 3897937 is divided by 974.
963
Calculate the remainder when 1100572 is divided by 663.
655
What is the remainder when 310259 is divided by 422?
89
What is the remainder when 160894869 is divided by 970?
969
Calculate the remainder when 1918510 is divided by 1167.
1129
Calculate the remainder when 229849 is divided by 22966.
189
Calculate the remainder when 44152709 is divided by 76654.
5
What is the remainder when 1867283 is divided by 41495?
8
What is the remainder when 883216 is divided by 3099?
1
What is the remainder when 80549745 is divided by 10528?
17
Calculate the remainder when 23805187 is divided by 6253.
16
Calculate the remainder when 14855533 is divided by 362330.
3
What is the remainder when 91369 is divided by 942?
937
What is the remainder when 173885 is divided by 10199?
502
Calculate the remainder when 327017 is divided by 1550.
1517
Calculate the remainder when 2714767 is divided by 103.
99
What is the remainder when 290445 is divided by 58085?
20
Calculate the remainder when 1750527 is divided by 14959.
324
What is the remainder when 10821732 is divided by 142?
54
Calculate the remainder when 5792431 is divided by 643585.
166
What is the remainder when 361285 is divided by 18937?
1482
Calculate the remainder when 99017915 is divided by 103.
101
What is the remainder when 242758 is divided by 416?
230
Calculate the remainder when 415150 is divided by 3034.
2526
What is the remainder when 331361 is divided by 165647?
67
What is the remainder when 227706 is divided by 113820?
66
What is the remainder when 294747 is divided by 1601?
163
What is the remainder when 2114518 is divided by 704829?
31
What is the remainder when 34434905 is divided by 127?
125
What is the remainder when 54429 is divided by 7?
4
Calculate the remainder when 150830881 is divided by 6235.
6231
What is the remainder when 54085 is divided by 54003?
82
What is the remainder when 59002 is divided by 28134?
2734
What is the remainder when 90156 is divided by 134?
108
What is the remainder when 212523 is divided by 417?
270
Calculate the remainder when 166273115 is divided by 362.
361
Calculate the remainder when 8643756 is divided by 754.
654
What is the remainder when 264365 is divided by 8259?
77
Calculate the remainder when 7242700 is divided by 5405.
0
Calculate the remainder when 4586858 is divided by 509650.
8
What is the remainder when 103428761 is divided by 4335?
4331
Calculate the remainder when 246626 is divided by 488.
186
What is the remainder when 13927534 is divided by 72?
70
Calculate the remainder when 291559072 is divided by 2501.
2496
What is the remainder when 38555821 is divided by 12851933?
22
What is the remainder when 2101787 is divided by 27?
26
What is the remainder when 26831 is divided by 831?
239
Calculate the remainder when 3721055 is divided by 81.
77
Calculate the remainder when 53923 is divided by 126.
121
What is the remainder when 9950823 is divided by 1485?
1323
What is the remainder when 168029 is divided by 55373?
1910
Calculate the remainder when 7578741 is divided by 46.
11
What is the remainder when 3647144 is divided by 238?
32
Calculate the remainder when 8955965 is divided by 1084.
1041
What is the remainder when 1019769 is divid